{"id":2,"date":"2017-02-13T20:57:13","date_gmt":"2017-02-13T20:57:13","guid":{"rendered":"http:\/\/gartmeier.com\/wp\/?p=2"},"modified":"2024-06-24T21:52:54","modified_gmt":"2024-06-24T21:52:54","slug":"energia-solar","status":"publish","type":"page","link":"https:\/\/servtec.gartmeier.com\/?page_id=2","title":{"rendered":"Energ\u00eda renovable"},"content":{"rendered":"<p><strong>Ahorra en su factura de luz e invierte en el futuro con una instalaci\u00f3n de enger\u00eda renovable!<br><\/strong><\/p>\n<p>Con la bajada del precio de las placas fotovoltaicas en los \u00faltimos a\u00f1os la energ\u00eda solar es m\u00e1s asequible que nunca. A combinar de forma inteligente las placas fotovoltaicas, el sistema de gesti\u00f3n de energ\u00eda y opcionalmente el almacenamiento (bater\u00edas) es posible llegar a un nivel muy alto de autonom\u00eda a un precio fijo por los pr\u00f3ximos decadas. Una parte integral de nuestro servicio es la ayuda en descubrir potenciales de ahorro en el consumo el\u00e9ctrico \u2013 lo que no se consume no hay que producir!<\/p>\n\n\n<p><\/p>\n","protected":false},"excerpt":{"rendered":"<p>Ahorra en su factura de luz e invierte en el futuro con una instalaci\u00f3n de enger\u00eda renovable! Con la bajada del precio de las placas fotovoltaicas en los \u00faltimos a\u00f1os la energ\u00eda solar es m\u00e1s asequible que nunca. A combinar<\/p>\n","protected":false},"author":1,"featured_media":110,"parent":0,"menu_order":0,"comment_status":"closed","ping_status":"open","template":"","meta":[],"_links":{"self":[{"href":"https:\/\/servtec.gartmeier.com\/index.php?rest_route=\/wp\/v2\/pages\/2"}],"collection":[{"href":"https:\/\/servtec.gartmeier.com\/index.php?rest_route=\/wp\/v2\/pages"}],"about":[{"href":"https:\/\/servtec.gartmeier.com\/index.php?rest_route=\/wp\/v2\/types\/page"}],"author":[{"embeddable":true,"href":"https:\/\/servtec.gartmeier.com\/index.php?rest_route=\/wp\/v2\/users\/1"}],"replies":[{"embeddable":true,"href":"https:\/\/servtec.gartmeier.com\/index.php?rest_route=%2Fwp%2Fv2%2Fcomments&post=2"}],"version-history":[{"count":6,"href":"https:\/\/servtec.gartmeier.com\/index.php?rest_route=\/wp\/v2\/pages\/2\/revisions"}],"predecessor-version":[{"id":221,"href":"https:\/\/servtec.gartmeier.com\/index.php?rest_route=\/wp\/v2\/pages\/2\/revisions\/221"}],"wp:featuredmedia":[{"embeddable":true,"href":"https:\/\/servtec.gartmeier.com\/index.php?rest_route=\/wp\/v2\/media\/110"}],"wp:attachment":[{"href":"https:\/\/servtec.gartmeier.com\/index.php?rest_route=%2Fwp%2Fv2%2Fmedia&parent=2"}],"curies":[{"name":"wp","href":"https:\/\/api.w.org\/{rel}","templated":true}]}}

Energía renovable

<p><strong>Ahorra en su factura de luz e invierte en el futuro con una instalación de engería renovable!<br></strong></p>
<p>Con la bajada del precio de las placas fotovoltaicas en los últimos años la energía solar es más asequible que nunca. A combinar de forma inteligente las placas fotovoltaicas, el sistema de gestión de energía y opcionalmente el almacenamiento (baterías) es posible llegar a un nivel muy alto de autonomía a un precio fijo por los próximos decadas. Una parte integral de nuestro servicio es la ayuda en descubrir potenciales de ahorro en el consumo eléctrico – lo que no se consume no hay que producir!</p>


<p></p>

<p>Ahorra en su factura de luz e invierte en el futuro con una instalación de engería renovable! Con la bajada del precio de las placas fotovoltaicas en los últimos años la energía solar es más asequible que nunca. A combinar</p>
