{"id":93,"date":"2020-08-03T12:53:28","date_gmt":"2020-08-03T12:53:28","guid":{"rendered":"https:\/\/gartmeier.com\/wp\/?page_id=93"},"modified":"2024-06-24T21:50:48","modified_gmt":"2024-06-24T21:50:48","slug":"home","status":"publish","type":"page","link":"https:\/\/servtec.gartmeier.com\/","title":{"rendered":"Home"},"content":{"rendered":"\n<p>Bienvenidos a Servicios T\u00e9cnicos Andreas Gartmeier!<\/p>\n\n\n\n<p>La &#8220;Domotica&#8221; es el termino gen\u00e9rico para nuestros servicios relacionados con casas inteligentes. Cada d\u00eda nos encontramos m\u00e1s digitalizados y rodeados de aparatos en casa. Simplificar la vida cotidiana al mismo tiempo que esa tecnolog\u00eda nos ayuda en ahorrar energ\u00eda &#8211; eso es nuestra idea como tiene que ser la &#8220;Domotica&#8221;.<\/p>\n\n\n\n<p>Un buen &#8220;Mantenimiento&#8221; es algo imprescindible para que una m\u00e1quina \/ un aparato llega a su m\u00e1xima vida \u00fatil evitando que se convierte demasiado r\u00e1pido en un residuo. Ofrecemos mantenimiento preventivo para reducir fallos inesperadas o el correctivo en caso de aver\u00eda.<\/p>\n\n\n\n<p>La rama de &#8220;Energ\u00eda&#8221; refleja nuestro aporte en crear un futuro m\u00e1s limpio a base de energ\u00edas renovables. Optamos por energ\u00eda solar junto a una gesti\u00f3n integral del consumo para llegar a un ahorro m\u00e1ximo tal como en casas como en la ind\u00fastria. <\/p>\n\n\n\n<p>Nuestros servicios de la rama &#8220;Prototipado&#8221; le ayudar\u00e1n en convertir su idea a un producto real. Aprovecha de nuestra amplia experiencia en desarrollo, dise\u00f1o, construcci\u00f3n, instalaci\u00f3n, reparaci\u00f3n y mantenimiento de componentes y dispositivos mec\u00e1nicos, electromec\u00e1nicos y electr\u00f3nicos. Tenemos m\u00e1s de 10 a\u00f1os de experiencia en desarrollo tecnol\u00f3gico (I+D+i) y m\u00e1s de 25 a\u00f1os en trabajar todo tipo de materiales a la espera de aplicarse a su idea. <\/p>\n\n\n\n<p><em>&#8220;Siempre me ha fascinado la simbiosis entre mec\u00e1nica, electr\u00f3nica y programaci\u00f3n &#8211; ofrezco esas &#8211; mis &#8211; inquietudes para ayuadarle en la creaci\u00f3n de productos y\/o sistemas inteligentes .&#8221;<\/em> Andreas Gartmeier<\/p>\n","protected":false},"excerpt":{"rendered":"<p>Bienvenidos a Servicios T\u00e9cnicos Andreas Gartmeier! La &#8220;Domotica&#8221; es el termino gen\u00e9rico para nuestros servicios relacionados con casas inteligentes. Cada d\u00eda nos encontramos m\u00e1s digitalizados y rodeados de aparatos en casa. Simplificar la vida cotidiana al mismo tiempo que esa<\/p>\n","protected":false},"author":1,"featured_media":0,"parent":0,"menu_order":0,"comment_status":"closed","ping_status":"closed","template":"","meta":[],"_links":{"self":[{"href":"https:\/\/servtec.gartmeier.com\/index.php?rest_route=\/wp\/v2\/pages\/93"}],"collection":[{"href":"https:\/\/servtec.gartmeier.com\/index.php?rest_route=\/wp\/v2\/pages"}],"about":[{"href":"https:\/\/servtec.gartmeier.com\/index.php?rest_route=\/wp\/v2\/types\/page"}],"author":[{"embeddable":true,"href":"https:\/\/servtec.gartmeier.com\/index.php?rest_route=\/wp\/v2\/users\/1"}],"replies":[{"embeddable":true,"href":"https:\/\/servtec.gartmeier.com\/index.php?rest_route=%2Fwp%2Fv2%2Fcomments&post=93"}],"version-history":[{"count":6,"href":"https:\/\/servtec.gartmeier.com\/index.php?rest_route=\/wp\/v2\/pages\/93\/revisions"}],"predecessor-version":[{"id":219,"href":"https:\/\/servtec.gartmeier.com\/index.php?rest_route=\/wp\/v2\/pages\/93\/revisions\/219"}],"wp:attachment":[{"href":"https:\/\/servtec.gartmeier.com\/index.php?rest_route=%2Fwp%2Fv2%2Fmedia&parent=93"}],"curies":[{"name":"wp","href":"https:\/\/api.w.org\/{rel}","templated":true}]}}

<p>Bienvenidos a Servicios Técnicos Andreas Gartmeier!</p>



<p>La &#8220;Domotica&#8221; es el termino genérico para nuestros servicios relacionados con casas inteligentes. Cada día nos encontramos más digitalizados y rodeados de aparatos en casa. Simplificar la vida cotidiana al mismo tiempo que esa tecnología nos ayuda en ahorrar energía &#8211; eso es nuestra idea como tiene que ser la &#8220;Domotica&#8221;.</p>



<p>Un buen &#8220;Mantenimiento&#8221; es algo imprescindible para que una máquina / un aparato llega a su máxima vida útil evitando que se convierte demasiado rápido en un residuo. Ofrecemos mantenimiento preventivo para reducir fallos inesperadas o el correctivo en caso de avería.</p>



<p>La rama de &#8220;Energía&#8221; refleja nuestro aporte en crear un futuro más limpio a base de energías renovables. Optamos por energía solar junto a una gestión integral del consumo para llegar a un ahorro máximo tal como en casas como en la indústria. </p>



<p>Nuestros servicios de la rama &#8220;Prototipado&#8221; le ayudarán en convertir su idea a un producto real. Aprovecha de nuestra amplia experiencia en desarrollo, diseño, construcción, instalación, reparación y mantenimiento de componentes y dispositivos mecánicos, electromecánicos y electrónicos. Tenemos más de 10 años de experiencia en desarrollo tecnológico (I+D+i) y más de 25 años en trabajar todo tipo de materiales a la espera de aplicarse a su idea. </p>



<p><em>&#8220;Siempre me ha fascinado la simbiosis entre mecánica, electrónica y programación &#8211; ofrezco esas &#8211; mis &#8211; inquietudes para ayuadarle en la creación de productos y/o sistemas inteligentes .&#8221;</em> Andreas Gartmeier</p>

<p>Bienvenidos a Servicios Técnicos Andreas Gartmeier! La &#8220;Domotica&#8221; es el termino genérico para nuestros servicios relacionados con casas inteligentes. Cada día nos encontramos más digitalizados y rodeados de aparatos en casa. Simplificar la vida cotidiana al mismo tiempo que esa</p>
